 192404415?
3, 5, 7, 29, 179, 353
List the prime factors of 45456780.
2, 3, 5, 491, 1543
List the prime factors of 46922949.
3, 1737887
What are the prime factors of 382307412?
2, 3, 31858951
List the prime factors of 19206167.
137, 140191
List the prime factors of 111366866.
2, 13, 19, 59, 3821
What are the prime factors of 182120338?
2, 67, 409, 3323
List the prime factors of 59148498.
2, 3, 191, 51613
What are the prime factors of 858021024?
2, 3, 7, 1276817
List the prime factors of 6734277913.
11, 612207083
List the prime factors of 150772529.
150772529
What are the prime factors of 2578406788?
2, 5903, 109199
What are the prime factors of 1066203328?
2, 29, 157, 3659
What are the prime factors of 1601931219?
3, 7, 307, 248477
List the prime factors of 79715770.
2, 5, 7971577
What are the prime factors of 1353257958?
2, 3, 13, 17349461
List the prime factors of 126276610.
2, 5, 12627661
List the prime factors of 39600844.
2, 2591, 3821
List the prime factors of 187520937.
3, 19, 179, 18379
List the prime factors of 122539872.
2, 3, 7, 13, 83
What are the prime factors of 606329904?
2, 3, 12631873
What are the prime factors of 962917115?
5, 192583423
What are the prime factors of 57267894?
2, 3, 9544649
What are the prime factors of 490970971?
271, 1259, 1439
List the prime factors of 13113551.
11, 1192141
What are the prime factors of 34805056?
2, 11, 13, 3803
What are the prime factors of 136474276?
2, 31, 47, 23417
List the prime factors of 749156406.
2, 3, 43, 47, 61781
What are the prime factors of 264210303?
3, 7, 31, 37, 1567
List the prime factors of 217891002.
2, 3, 7, 31, 37, 4523
What are the prime factors of 893793677?
7, 73, 1749107
List the prime factors of 3535372.
2, 103, 8581
What are the prime factors of 1227272550?
2, 3, 5, 7, 1168831
List the prime factors of 35969890.
2, 5, 11, 326999
List the prime factors of 111774975.
3, 5, 13, 114641
List the prime factors of 5914890557.
107, 55279351
What are the prime factors of 730870945?
5, 7, 2297, 9091
What are the prime factors of 375932366?
2, 19, 9892957
List the prime factors of 2274225657.
3, 11, 5827, 11827
What are the prime factors of 837691127?
7, 13, 43, 97, 2207
List the prime factors of 1307058860.
2, 5, 59, 1107677
List the prime factors of 278836987.
11, 13, 149993
What are the prime factors of 38748934?
2, 7, 43, 191, 337
List the prime factors of 134662042.
2, 4219, 15959
What are the prime factors of 1173444691?
1173444691
List the prime factors of 37196826.
2, 3, 739, 8389
What are the prime factors of 41359720?
2, 5, 883, 1171
What are the prime factors of 1998742367?
251, 7963117
What are the prime factors of 42925984?
2, 1341437
What are the prime factors of 51220405?
5, 17, 602593
What are the prime factors of 77757715?
5, 7, 227, 9787
List the prime factors of 451961895.
3, 5, 7, 11, 251, 1559
What are the prime factors of 2511701824?
2, 109, 360049
What are the prime factors of 69715960?
2, 5, 1742899
What are the prime factors of 71370870?
2, 3, 5, 83, 28663
What are the prime factors of 45662651?
45662651
What are the prime factors of 46590457?
43, 173, 6263
List the prime factors of 1805396007.
3, 47, 1667, 7681
List the prime factors of 136588827.
3, 45529609
What are the prime factors of 5056640030?
2, 5, 13, 2803, 13877
What are the prime factors of 276753645?
3, 5, 7, 61, 4801
List the prime factors of 16237051.
16237051
What are the prime factors of 20457624?
2, 3, 11, 77491
List the prime factors of 2781488093.
41, 383, 177131
What are the prime factors of 702481718?
2, 17, 19, 1087433
List the prime factors of 3250183.
419, 7757
What are the prime factors of 22991922?
2, 3, 17, 227, 331
List the prime factors of 575133555.
3, 5, 2803, 13679
What are the prime factors of 1450259678?
2, 7, 479, 216263
List the prime factors of 19922238.
2, 3, 7, 158113
What are the prime factors of 2090950782?
2, 3, 348491797
What are the prime factors of 288676280?
2, 5, 919, 7853
What are the prime factors of 42867317?
42867317
What are the prime factors of 1383981389?
7, 197711627
What are the prime factors of 158825722?
2, 11, 71, 101681
List the prime factors of 450071109.
3, 127, 271, 1453
List the prime factors of 124213710.
2, 3, 5, 4140457
List the prime factors of 2246546043.
3, 7, 11886487
List the prime factors of 101379809.
101379809
List the prime factors of 32991016.
2, 17, 23, 53, 199
List the prime factors of 72518113.
37, 1959949
List the prime factors of 34205828.
2, 8551457
What are the prime factors of 925739651?
1097, 843883
List the prime factors of 128658423.
3, 42886141
List the prime factors of 55687142.
2, 7, 3977653
List the prime factors of 330757701.
3, 41, 199, 13513
List the prime factors of 1714314256.
2, 53, 2021597
What are the prime factors of 7595250961?
37, 2179, 94207
What are the prime factors of 1743854129?
29, 31, 1939771
List the prime factors of 4969795192.
2, 19, 29, 181, 6229
List the prime factors of 74977560.
2, 3, 5, 7, 29753
List the prime factors of 16702876.
2, 23, 181553
What are the prime factors of 3273805226?
2, 17, 96288389
What are the prime factors of 49121042?
2, 19, 1292659
What are the prime factors of 53639467?
7, 1094683
What are the prime factors of 181559476?
2, 7, 6484267
List the prime factors of 6044997429.
3, 3169, 211949
What are the prime factors of 153392756?
2, 11, 3486199
List the prime factors of 507705290.
2, 5, 31, 1637759
List the prime factors of 469597811.
469597811
What are the prime factors of 38859471?
3, 7, 269, 2293
List the prime factors of 45502026.
2, 3, 641, 11831
List the prime factors of 701393453.
67, 107, 227, 431
What are the prime factors of 35712532?
2, 43, 397, 523
List the prime factors of 442642940.
2, 5, 17, 499, 2609
What are the prime factors of 713801597?
13309, 53633
List the prime factors of 52507535.
5, 1087, 9661
What are the prime factors of 1074834120?
2, 3, 5, 8956951
What are the prime factors of 1106754162?
2, 3, 17, 53, 101, 2027
What are the prime factors of 124708878?
2, 3, 7, 989753
List the prime factors of 1601418886.
2, 3167, 252829
List the prime factors of 362894658.
2, 3, 7, 8640349
What are the prime factors of 182495842?
2, 509, 179269
What are the prime factors of 338848785?
3, 5, 11, 228181
What are the prime factors of 154934559?
3, 13, 29, 31, 491
List the prime factors of 22446732.
2, 3, 7, 11, 17, 1429
What are the prime factors of 140657544?
2, 3, 1953577
What are the prime factors of 48384055?
5, 9676811
What are the prime factors of 666347570?
2, 5, 7, 347, 3919
What are the prime factors of 1515746940?
2, 3, 5, 179, 141131
What are the prime factors of 8233437696?
2, 3, 11, 23, 21187
List the prime factors of 248608919.
13, 19123763
List the prime factors of 800767915.
5, 17, 523, 18013
What are the prime factors of 803070570?
2, 3, 5, 37, 383, 1889
What are the prime factors of 380420518?
2, 190210259
What are the prime factors of 116055188?
2, 1447, 20051
What are the prime factors of 1032112260?
2, 3, 5, 1911319
What are the prime factors of 200349393?
3, 389, 171679
What are the prime factors of 1015633689?
3, 7, 48363509
List the prime factors of 285910660.
2, 5, 7, 61, 33479
List the prime factors of 523224985.
5, 41, 2552317
List the prime factors of 288206908.
2, 11, 6550157
List the prime factors of 3757686.
2, 3, 271, 2311
What are the prime factors of 268401735?
3, 5, 7, 284023
List the prime factors of 2609377094.
2, 23, 461, 123049
What are the prime factors of 1987173848?
2, 11, 1523, 14827
List the prime factors of 71603647.
19, 101, 37313
What are the prime factors of 9745343?
1367, 7129
List the prime factors of 436830460.
2, 5, 11, 1985593
What are the prime factors of 1196252874?
2, 3, 7384277
What are the prime factors of 24491512?
2, 47, 53, 1229
What are the prime factors of 93627019?
97, 965227
List the prime factors of 2107604514.
2, 3, 351267419
List the prime factors of 62220257.
11, 46747
What are the prime factors of 169382440?
2, 5, 127, 33343
List the prime factors of 5012916014.
2, 67, 37409821
What are the prime factors of 22752588?
2, 3, 29, 65381
What are the prime factors of 219260355?
3, 5, 14617357
List the prime factors of 39091925.
5, 17, 59, 1559
List the prime factors of 36728522.
2,